actor of k and b.
3
Suppose -5 - 1 = -o. Let h(r) = 4*r**2 + 0 + 0 + 2*r. Let v be h(-2). What is the greatest common factor of o and v?
6
Suppose -3*o - 5*z + 44 = 0, -12 - 4 = -o - 2*z. Suppose -6*r + o*r = 198. Calculate the greatest common factor of r and 9.
9
Let a(z) = z**2 - 5*z - 2. Suppose 0 = -4*r + 33 - 9. Let u be a(r). Suppose 0*p + 3*p - 3 = 3*j, -j - 16 = -u*p. What is the highest common factor of j and 32?
4
Suppose -969 + 265 = -4*j. Suppose 0 = 2*v + 2*d - 116, 5*d - j = -3*v. Let m = v + -7. What is the highest common divisor of m and 10?
10
Suppose 416 - 32 = 24*z. Let i be 12/2 - (3 - 1). What is the highest common factor of i and z?
4
Suppose -5*s + x = -162, 3*x - 6*x = -4*s + 134. What is the greatest common divisor of s and 256?
32
Let d(r) = -5*r + 10. Let v(x) = 14*x - 29. Let h(w) = -11*d(w) - 4*v(w). Let j be h(-5). Calculate the highest common divisor of 44 and j.
11
Let j be ((-6)/10)/((-48)/400). What is the highest common divisor of j and 45?
5
Let k be (4/(-2))/((-16)/(-24)). Let q be (-4)/(1 + k) + 2. Suppose 0 = -5*p + q*p + 2*i + 75, -5*p + 3*i = -354. What is the highest common factor of p and 23?
23
Let h = 17 - 15. Let t be h/8 - 35/(-20). What is the highest common factor of 2 and t?
2
Suppose 2*z = 3*s - 26, 4*z + 42 = 2*s + 3*s. Let a(m) = -m**2 + m + 80. Let i = -2 + 2. Let t be a(i). What is the highest common factor of s and t?
10
Let x(f) = -f**3 + 8*f**2 + 4*f. Let l be x(4). Suppose z - 43 = -5*j + 12, j - 4*z + 10 = 0. Calculate the highest common divisor of j and l.
10
Let w(h) = 3*h**2 - 10*h + 2. Let a(s) = 4*s**2 - 11*s + 2. Let j(x) = 4*a(x) - 5*w(x). Let m be j(-7). Calculate the greatest common divisor of m and 20.
5
Let b(p) = 11*p - 2. Let h be b(7). Calculate the greatest common divisor of h and 25.
25
Let w(f) = f + 10. Let z be w(-8). Calculate the highest common divisor of 5 and z.
1
Suppose 11 + 7 = 3*p. Calculate the highest common factor of 6 and p.
6
Let o = -49 - -69. Suppose 2*p + 5*g - 12 = -2*p, -p = 5*g + 12. What is the greatest common factor of o and p?
4
Let x be (-10)/5 - 6/1. Let b = 15 + x. Suppose 4*u - 3*r = 320, -r = -2*u - 2*u + 312. Calculate the greatest common factor of u and b.
7
Let n(h) = 10*h**3 - 2*h**2 + 2*h - 1. Let i be n(1). Suppose -3 = -w + i. Calculate the greatest common factor of w and 8.
4
Suppose -d + 0*d + 90 = 0. Suppose 0 = -r - 2*n + 21, r + 5*n = 5*r - 19. Suppose -4*k + r = -29. What is the highest common factor of k and d?
10
Suppose -24 = j - 5*f, -4 + 19 = 3*f. What is the greatest common divisor of 4 and j?
1
Let k be 129/2*6/(-9). Let g = k - -90. Let d = 74 - g. What is the highest common divisor of 9 and d?
9
Suppose 0*r + 2*r = 126. Let g = 105 - r. Calculate the greatest common divisor of g and 14.
14
Let x be ((-280)/21)/(1/(-6)*2). What is the greatest common factor of 30 and x?
10
Suppose -3*u = -4*x - u + 354, -4*x - u + 351 = 0. Let v = x - 36. Let h = v - 18. Calculate the greatest common divisor of h and 51.
17
Let v be 190/4 + (-1)/(-2). Let d(g) = -5*g**2 - g - 6. Let f be d(6). Let m be ((-1)/2)/(3/f). Calculate the greatest common divisor of m and v.
16
Let u(y) = -y**3 - 3*y**2 - 5*y - 11. Let c be u(-4). Calculate the highest common factor of 100 and c.
25
Suppose -x + 0*x = -1. Let l be (49/(-2))/(x/(-2)). What is the greatest common factor of l and 7?
7
Suppose 10*k = -0*k + 100. Calculate the highest common factor of 20 and k.
10
Let x = -78 - -117. Let a = x - -11. Calculate the highest common divisor of a and 20.
10
Let r be (3 + -2 - -77) + -1. Suppose 0 = 2*n - 8 - 6. What is the greatest common divisor of r and n?
7
Let c = 168 + -118. What is the greatest common factor of 150 and c?
50
Let g be -2 + ((-1)/(-1) - -2). Suppose 0 = -5*o + 2*o + 3*v - 27, 3*o - v = -17. Let s be (o/(-8))/((-2)/(-20)). What is the greatest common factor of g and s?
1
Suppose -g + 349 - 27 = x, 5*x = -g + 1598. Suppose -2*r = 2*r - l - x, 0 = -r - 5*l + 106. What is the highest common divisor of r and 9?
9
Let s = -14 + 15. Let u be (s + 59)*(-8)/(-6). Suppose 2*g = -2*q - 0*q + 20, -30 = -3*q + 4*g. Calculate the greatest common divisor of q and u.
10
Suppose -m - 3*n = -28, 2*n = 5*m + 23 - 95. What is the greatest common divisor of 112 and m?
16
Let a = 74 + -48. Let c = -17 + a. What is the greatest common divisor of 72 and c?
9
Suppose 2*l = 3 - 1. Let h be l*(17 + 1/(-1)). Calculate the greatest common factor of h and 176.
16
Let q = 19 + -10. Calculate the greatest common factor of 63 and q.
9
Suppose -2*y = 2*y - 32. Let p(q) = q - 8. Let j be p(y). Suppose i = -j*i + 12. What is the highest common divisor of 48 and i?
12
Let h = 47 - 37. Calculate the highest common divisor of h and 50.
10
Let j be 1/((-1)/(-2)) - 9. Let r(p) = p**2 + 4*p + 1. Let v be r(j). Suppose 243 - 23 = 4*u. Calculate the greatest common divisor of v and u.
11
Let f be ((-4)/(-5))/((-2)/(-275)). Let n be 2/4 - (-15)/6. Suppose -7*x + n*x = -40. Calculate the greatest common divisor of f and x.
10
Let q(a) = -6*a - 30. Let f be q(-8). What is the greatest common factor of f and 36?
18
Suppose -2*c = -10 - 14. Calculate the greatest common divisor of 30 and c.
6
Let i(s) = 3*s - 3. Let m be i(5). Calculate the greatest common divisor of 8 and m.
4
Let o = 16 - 7. Let i = 26 - 8. Suppose -5*u + 3 = i, -3*u + 9 = 2*c. Calculate the highest common divisor of o and c.
9
Let k be -132*(-1 + (-1)/(-2)). Suppose g = 2*i - 3*g - 4, 3*i - g - 16 = 0. Calculate the highest common factor of i and k.
6
Let v be (2/(-4))/((-1)/10). Let b(k) = -k**2 - 16*k. Let m be b(-6). Let h be -2 - 1 - m/(-12). What is the greatest common divisor of v and h?
1
Suppose -5*i + 580 = -5*l, 12 + 326 = 3*i - 5*l. Let w = -44 - -55. Calculate the highest common divisor of w and i.
11
Let v(w) = -w**3 + 8*w**2 + 11*w - 5. Let l be v(7). Suppose -48 = -4*b - y, -y = -2*b - 3*y + 30. Calculate the highest common factor of b and l.
11
Let d be 6*(-4)/18*-12. What is the highest common divisor of 64 and d?
16
Suppose -5*i + 9 = -2*j, -2*i = -3*i + 3. Suppose 0 = -f - x, f + f - j*x = -15. Let z = f - -9. What is the highest common factor of 12 and z?
6
Let k(v) = v**3 - v**2 - 4*v + 3. Let z = 6 - 4. Let c be k(z). Let n(x) = -12*x**3 - x - 1. Let o be n(c). Calculate the greatest common factor of o and 108.
12
Let p = 11 - -1. What is the greatest common factor of 84 and p?
12
Let y = -160 - -233. Suppose -y + 7 = -2*v. Calculate the highest common factor of 11 and v.
11
Let u = -3 - -5. Let a be (-2)/(-7) + (-88)/14. Let s = -3 - a. Calculate the greatest common factor of u and s.
1
Suppose 4*i - 6*i + 38 = 2*l, 32 = 2*i - 4*l. What is the greatest common factor of i and 72?
18
Let o be 228/20 - 3/(-5). Let z be (-9)/o + 6/8. Suppose z = j - 2*j + 3. Calculate the greatest common factor of j and 33.
3
Suppose 57 = f - 13. Let j = 46 - 18. What is the greatest common factor of f and j?
14
Suppose 5*f - 17 = -r, 0 = -4*r - 3*f + 80 + 73. Let p be 2/3 + 32/6. What is the highest common factor of p and r?
6
Let u(m) = 5 - 3*m**2 - m**2 - m**2 + 4*m**2 - 11*m. Let s be u(-6). Let q = -13 - -18. What is the highest common factor of q and s?
5
Let a = 24 - -6. What is the greatest common factor of a and 45?
15
Suppose 13 = 5*j - 52. Let z(l) = l**3 + 8*l**2 + 4*l - 8. Let d be z(-7). Calculate the greatest common factor of d and j.
13
Let l = 93 - 39. Suppose z + l = 4*z. Let u = -21 + 39. Calculate the greatest common factor of u and z.
18
Let l(s) be the third derivative of -s**5/60 + 3*s**4/8 + 4*s**3/3 - s**2. Let t = -25 - -34. Let n be l(t). Calculate the highest common divisor of 24 and n.
8
Let c be 4/(8/10) - 1. Suppose 0 = -c*a + 7 + 5. Let u be (-2)/1 + (16 - a). Calculate the greatest common factor of 11 and u.
11
Let i be ((-2)/(-3))/((-2)/(-6)). Suppose o = 4*b - 3*o + 44, -3 = b - 5*o. Let j = -1 - b. What is the highest common divisor of i and j?
2
Let a(u) = -8*u**3 + u**2 + u + 1. Let w be a(-1). Suppose -4*g = -5*z + w, -5*g + 2*z + 3 = -7. Calculate the highest common divisor of g and 36.
4
Let j(u) = 3*u**3 + 4*u**2 + 4*u + 3. Let h be j(-2). Let l = -5 - h. What is the greatest common factor of 40 and l?
8
Let a = -74 + 43. Let l = 73 + a. What is the highest commo